it of 110835468?
8
What is the units digit of 20916384?
4
What is the hundreds digit of 32247394?
3
What is the hundred thousands digit of 2097456511?
4
What is the ten millions digit of 158524180?
5
What is the tens digit of 64959606?
0
What is the ten thousands digit of 1689003964?
0
What is the millions digit of 126497420?
6
What is the tens digit of 1082512644?
4
What is the hundred thousands digit of 41514862?
5
What is the hundreds digit of 2982453963?
9
What is the thousands digit of 14699589?
9
What is the tens digit of 77781924?
2
What is the ten thousands digit of 129595003?
9
What is the ten millions digit of 106782350?
0
What is the thousands digit of 43403901?
3
What is the ten thousands digit of 1301128?
0
What is the tens digit of 1335824432?
3
What is the hundreds digit of 2127352956?
9
What is the hundred thousands digit of 239526203?
5
What is the thousands digit of 23218522?
8
What is the billions digit of 2915225263?
2
What is the thousands digit of 13475808?
5
What is the millions digit of 128172670?
8
What is the units digit of 1853447238?
8
What is the units digit of 483734663?
3
What is the units digit of 133619996?
6
What is the units digit of 498016984?
4
What is the units digit of 17381199?
9
What is the hundreds digit of 505473857?
8
What is the millions digit of 3979146?
3
What is the hundreds digit of 1932582361?
3
What is the tens digit of 1769109927?
2
What is the ten thousands digit of 1194480?
9
What is the ten millions digit of 38838004?
3
What is the hundred thousands digit of 37437404?
4
What is the ten thousands digit of 89544325?
4
What is the thousands digit of 944121176?
1
What is the hundred millions digit of 9512437868?
5
What is the hundreds digit of 92431404?
4
What is the billions digit of 2743964211?
2
What is the ten thousands digit of 450670528?
7
What is the tens digit of 20941215?
1
What is the tens digit of 11628157?
5
What is the millions digit of 46144348?
6
What is the ten thousands digit of 466385682?
8
What is the ten thousands digit of 43152522?
5
What is the hundred millions digit of 213912514?
2
What is the units digit of 416700022?
2
What is the hundred thousands digit of 1703333405?
3
What is the millions digit of 322293538?
2
What is the ten thousands digit of 64408920?
0
What is the millions digit of 2742897?
2
What is the millions digit of 150591099?
0
What is the tens digit of 294465810?
1
What is the millions digit of 2907354165?
7
What is the ten millions digit of 232329359?
3
What is the thousands digit of 12101976?
1
What is the hundred millions digit of 112742978?
1
What is the millions digit of 1491159347?
1
What is the ten thousands digit of 19505418?
0
What is the hundreds digit of 2165292505?
5
What is the hundred thousands digit of 977625455?
6
What is the billions digit of 2212408621?
2
What is the ten millions digit of 2912374062?
1
What is the hundreds digit of 1777882790?
7
What is the billions digit of 1470130978?
1
What is the millions digit of 986993899?
6
What is the hundred thousands digit of 1272551000?
5
What is the thousands digit of 291488067?
8
What is the hundreds digit of 721236327?
3
What is the tens digit of 12705370?
7
What is the ten millions digit of 120017430?
2
What is the millions digit of 3554617252?
4
What is the thousands digit of 285257363?
7
What is the ten thousands digit of 128325483?
2
What is the hundred millions digit of 584770867?
5
What is the hundred millions digit of 350676373?
3
What is the hundred thousands digit of 176245390?
2
What is the hundred thousands digit of 45380556?
3
What is the millions digit of 80509370?
0
What is the hundreds digit of 507268977?
9
What is the ten millions digit of 40579888?
4
What is the hundred millions digit of 1619206827?
6
What is the ten millions digit of 1545561116?
4
What is the units digit of 440825318?
8
What is the units digit of 917615090?
0
What is the ten thousands digit of 369764226?
6
What is the ten millions digit of 2391034088?
9
What is the ten millions digit of 422558486?
2
What is the thousands digit of 62568425?
8
What is the tens digit of 102419249?
4
What is the thousands digit of 1999655538?
5
What is the units digit of 34566879?
9
What is the hundreds digit of 575660209?
2
What is the hundreds digit of 1353011?
0
What is the hundreds digit of 134802235?
2
What is the hundred millions digit of 3307224978?
3
What is the billions digit of 6433743533?
6
What is the units digit of 876012371?
1
What is the tens digit of 68039668?
6
What is the hundred millions digit of 190382628?
1
What is the hundred millions digit of 4264935911?
2
What is the ten millions digit of 25725750?
2
What is the thousands digit of 35915777?
5
What is the tens digit of 931726665?
6
What is the thousands digit of 184659282?
9
What is the hundred millions digit of 602373720?
6
What is the thousands digit of 229567195?
7
What is the units digit of 130717301?
1
What is the thousands digit of 2476283719?
3
What is the hundreds digit of 91231135?
1
What is the hundred millions digit of 182387846?
1
What is the thousands digit of 496518695?
8
What is the ten thousands digit of 28953623?
5
What is the ten thousands digit of 213356806?
5
What is the tens digit of 10091353?
5
What is the thousands digit of 56163540?
3
What is the units digit of 26868160?
0
What is the hundred thousands digit of 18806408?
8
What is the hundred thousands digit of 453967306?
9
What is the ten millions digit of 973989392?
7
What is the units digit of 716019986?
6
What is the ten millions digit of 46721240?
4
What is the hundred millions digit of 252070273?
2
What is the ten millions digit of 1128343104?
2
What is the millions digit of 242357384?
2
What is the hundreds digit of 14064179?
1
What is the billions digit of 1067944933?
1
What is the thousands digit of 169697904?
7
What is the hundreds digit of 302196849?
8
What is the hundreds digit of 2339823412?
4
What is the hundreds digit of 3299546053?
0
What is the thousands digit of 69494011?
4
What is the units digit of 2429496229?
9
What is the hundred thousands digit of 1452930265?
9
What is the tens digit of 2891359390?
9
What is the units digit of 5775483?
3
What is the hundreds digit of 404047074?
0
What is the ten millions digit of 31914086?
3
What is the thousands digit of 57399811?
9
What is the tens digit of 16976188?
8
What is the thousands digit of 2209464845?
4
What is the hundred millions digit of 4025671583?
0
What is the tens digit of 6718009742?
4
What is the hundred thousands digit of 165590318?
5
What is the hundred thousands digit of 159236911?
2
What is the ten millions digit of 84908076?
8
What is the hundred millions digit of 1384295575?
3
What is the tens digit of 51016013?
1
What is the hundreds digit of 449520127?
1
What is the millions digit of 25378672?
5
What is the ten thousands digit of 73254191?
5
What is the ten millions digit of 70661996?
7
What is the hundreds digit of 327345692?
6
What is the tens digit of 4731745?
4
What is the millions digit of 638791133?
8
What is the tens digit of 4918525190?
9
What is the hundred thousands digit of 5865961945?
9
What is the hundred millions digit of 219338276?
2
What is the thousands digit of 13459229?
9
What is the ten millions digit of 757473659?
5
What is the units digit of 7684153550?
0
What is the hundred thousands digit of 33350309?
3
What is the hundreds digit of 174986114?
1
What is the millions digit of 156181782?
6
What is the millions digit of 34564541?
4
What is the millions digit of 419908923?
9
What is the ten millions digit of 13129612?
1
What is the tens digit of 264597227?
2
What is the hundred thousands digit of 27491432?
4
What is the hundreds digit of 106520470?
4
What is the ten millions digit of 290389520?
9
What is the hundreds digit of 119431747?
7
What is the ten millions digit of 1569839412?
6
What is the ten thousands digit of 80087279?
8
What is the tens digit of 653582921?
2
What is the hundred thousands digit of 148207804?
2
What is the hundred millions digit of 2399365046?
3
What is the tens digit of 48018878?
7
What is the hundreds digit of 203651670?
6
What is the tens digit of 2472870752?
5
What is the ten thousands digit of 112866994?
6
What is the hundred thousands dig